 -17) + (-1 - -2) + -3?
-1
What is the value of 8 + (-6 - (2 + -1)) + -9?
-8
Evaluate 5 - (-2 + (2 - -1)).
4
6 + -3 + -8 + 4
-1
(6 - -2) + -1 - (-5 - -12)
0
6 - (10 - 2) - -5
3
What is the value of -4 - (-1 + -6) - 3 - 4?
-4
-2 + -2 + (-3 - -4 - 0)
-3
Evaluate (2 + -9 - -15) + -3.
5
Calculate 5 + -7 + (-1 - 1).
-4
What is the value of -3 + (0 - -2) + 3 + -8?
-6
Calculate -6 + (6 - -11) + (0 - 2).
9
Evaluate (-2 - 0) + 4 + 0.
2
What is the value of -2 + 8 + -6 + 1?
1
What is the value of -1 + 2 + 35 + -35?
1
Calculate 4 - (6 + 4 + -5 - 2).
1
Evaluate -2 + -1 + (9 - 1).
5
Calculate -3 - (-2 - 4) - 7.
-4
What is the value of 5 - (11 + (-3 - 5))?
2
What is the value of 1 - 2 - (73 + -79)?
5
Calculate 31 + -27 + -2 + 1 - 1.
2
Evaluate 10 + -7 + -7 - -1.
-3
Evaluate -6 + (2 - 0 - (1 + 0)).
-5
8 + (3 - 8) - (7 - 1)
-3
What is the value of 2 + 3 + (14 - 18)?
1
Calculate (5 - 6) + 4 - (-2 - -6).
-1
What is the value of 14 - 13 - (0 + -8)?
9
Calculate -1 - (-1 - -1 - -4).
-5
(0 - 2) + 5 - 2
1
Evaluate -1 - (3 + -4) - (3 + -3).
0
(-4 - -5) + (1 - 2)
0
What is the value of 16 - 1 - (18 + -9)?
6
What is the value of -4 + -5 + 14 - 1?
4
What is the value of (-63 - -57) + (5 - (-2 + 0))?
1
(2 - 6 - 1) + (3 - -10)
8
What is -3 + 0 - (11 + (-3 - 8))?
-3
Calculate -1 + -7 + 1 + 7.
0
Calculate -8 - -19 - 11 - 8.
-8
Calculate -7 + 4 - (-7 - 1) - 6.
-1
What is the value of 1 + 3 + -1 + (4 - 7)?
0
What is the value of 4 - 1 - -6 - 4?
5
Evaluate -5 + 5 - 3 - -6.
3
What is the value of (-1 - -14 - 8) + 2?
7
Evaluate (-33 - -30) + (-2 - -11).
6
2 - (-1 - 0 - -3) - -5
5
What is 4 - 11 - (-6 + 4)?
-5
Evaluate 154 + -147 + (-2 - -2) + -1.
6
2 + (6 - 13) + 2
-3
(-5 - (6 + -9)) + (2 - 0)
0
What is the value of (1 - 0) + (0 - (-4 + 1))?
4
What is the value of -7 - (7 + (-16 - -5))?
-3
Calculate -4 - (9 - (1 + 14)).
2
What is the value of 0 + -3 + 16 + -13 - 0?
0
What is the value of -15 + 21 + 0 + -1?
5
Evaluate 1 + 7 + -5 + -3.
0
What is the value of (0 - -5 - 9) + 2 + 4?
2
Evaluate 8 - (2 - 4) - 18.
-8
What is -3 - (0 - -6 - (5 - 4))?
-8
Calculate -1 + -1 - 3 - (-62 - -62).
-5
-1 - 0 - (-10 + 7) - -2
4
What is (-1 - -2) + (-16 - (15 + -28))?
-2
What is the value of 1 - 3 - (4 + (4 - 9))?
-1
What is -3 + 1 + (0 - 3) + 8?
3
Calculate -3 + 1 + -5 + 8.
1
What is 1 - (7 - 1 - (60 + -53))?
2
6 + (-23 - -23 - (0 - 1))
7
What is 7 + -8 + (0 - 2)?
-3
What is the value of -1 - (3 + -5 + 3 + 2)?
-4
Evaluate (-6 - -1) + 8 + -8.
-5
Evaluate 1 + (-3 - 2 - -3).
-1
What is (3 - -3 - 2) + -4 + 0?
0
What is 5 - (-3 - ((5 - 13) + -1))?
-1
7 + -4 - (-8 - -15) - -2
-2
Evaluate 6 + -12 + 3 + 7.
4
What is -5 + (-4 - -8) - -2?
1
3 + 1 + 2 - (54 - 56)
8
What is 445 - 442 - ((0 - 4) + -1)?
8
Evaluate 10 + -8 + (2 - 1).
3
Calculate -1 + 2 - (-2 + 6).
-3
1 + (0 - 1) + 1 + 2
3
What is the value of (-2 - -6 - -1) + (0 - -6)?
11
1 - (0 + 2) - (63 + -61)
-3
What is the value of -156 - -161 - (7 + (2 - 0))?
-4
5 - -13 - (14 + -4)
8
What is -2 + (4 - (-4 - -7))?
-1
Evaluate 9 + -12 + -2 - (-12 - 1).
8
Calculate 9 + (-2 - -3) - 5.
5
What is 1 + 12 - ((1 - -6) + -2)?
8
What is 5 - ((4 - 0) + -3 + 8)?
-4
-2 + -3 + (-3 - -8) - -1
1
-21 + 25 - (5 + -1) - 0
0
Calculate -6 - (-4 - (-4 + 10)).
4
Evaluate -2 - (2 + -11 + 13).
-6
Calculate -5 - (3 - (0 - -8 - 0)).
0
Evaluate 8 - (12 + (-5 - 4)).
5
What is (0 - (-19 + 6)) + -5?
8
(0 - 0) + 2 + -17 + 20
5
Calculate (3 - 16) + 7 - -9.
3
1 + 1 + 0 + -10 + 4
-4
(-6 - (3 + -14)) + 2 - 5
2
(8 - 4) + 0 - (-1 - -9)
-4
15 + (-6 - 0) + -3 + -8
-2
Calculate (11 - 14) + 2 + 0 + 0.
-1
Evaluate -4 + 0 + -2 - -4.
-2
7 + 3 - (75 + -55)
-10
Evaluate -8 - (1 + (-2 - 2) - 0).
-5
-3 + (-6 - -14) - 1
4
Evaluate 4 - ((0 - -10) + -3).
-3
What is (-53 - -65) + (-1 - 2)?
9
Evaluate -2 + -2 + -1 + 1 + -1.
-5
Evaluate 5 - (3 - (6 + -5)).
3
Calculate 0 + (-3 - -4) + (-2 - -3).
2
Evaluate 75 + -85 + 3 + 0.
-7
Calculate -4 - -3 - (-1 - -1) - 2.
-3
Evaluate -7 + -6 + -7 + 18.
-2
(5 - (-4 + 5)) + 3 + 1
8
-15 + 12 + (0 - -1) + 0
-2
Calculate -4 - (-5 - -5) - -4.
0
Evaluate -6 - (10 - 26 - -7).
3
(3 - -1 - 6) + -12 + 3
-11
What is the value of (-1 - 10) + -18 + 17 + 3?
-9
What is the value of (-1 - (1 + 2)) + -1?
-5
-3 + -5 - -4 - -5
1
(-1 - -2) + 11 + -9
3
What is 3 + (-1 - (-2 - -7))?
-3
What is -58 - -55 - (0 - (1 + 0))?
-2
Evaluate -6 - 0 - (-3 - 0) - -3.
0
What is the value of 6 - (2 + 4 + -3)?
3
What is 6 + 0 + 8 - 9?
5
(5 - (1 - (-1 - -4))) + 1
8
8 + -7 - (-4 + 0)
5
Evaluate 4 + (12 - 7 - 7).
2
-6 + -11 + 10 + 7
0
What is -1 + (-2 - (-1 - -1))?
-3
(-3 + -1 - (-9 + 2)) + 2
5
-12 + 7 + 0 + -3 + 6
-2
What is the value of 2 - -6 - (19 + -17)?
6
Calculate 0 + (-5 - (-8 - -4)).
-1
Calculate -3 - (2 - 6 - -6 - 2).
-3
-9 - -1 - (-7 - -3 - -1)
-5
What is the value of (7 - 1) + 0 - (-8 - -10)?
4
0 - (-8 - (1 + -4))
5
Calculate 1 + -2 + 1 + -3 + 0.
-3
What is the value of 2 + (-1 - -4) + (-6 - -11)?
10
4 - (-2 - (2 + -6)) - 2
0
Evaluate -1 - (-5 - (-1 + 0 + 0)).
3
Evaluate (-33 - -20) + (4 - 1).
-10
Calculate 4 - (34 + -33 - (-1 - -1)).
3
What is the value of -2 + -4 - (-1 + 3) - -2?
-6
What is 3 - (-1 - (3 + -10))?
-3
What is the value of 6 - (5 + -1 + 0 - 1)?
3
Evaluate -6 + (17 - (8 - -3)).
0
What is the value of -6 - ((-8 - -16) + -20)?
6
Calculate (-2 + 6 - (2 + 3)) + -4.
-5
What is the value of 1 + -8 - (-20 - -14)?
-1
(2 + -4 - (2 + 0)) + -4
-8
Evaluate -6 + 8 + (2 + 3 - 1).
6
1 + (8 + -8 - 5)
-4
Evaluate 2 + (2 + -1 - (0 - -2)).
1
What is the value of -4 + (2 - -8 - 7)?
-1
What is the value of -5 - 0 - (4 - (-1 + 4))?
-6
Calculate -9 - -1 - (5 + -8).
-5
What is the value of (2 + 4 - -3) + -7?
2
9 + (-3 - -4) + -5
5
Evaluate -1 + -4 + (-2 - -1) - -6.
0
Calculate 9 + -5 + 1 + -1.
4
What is -4 - -8 - (2 + 1)?
1
Evaluate 4 + -6 - (1 + -4).
1
Evaluate -2 - 3 - (14 + -29).
10
-3 - -5 - -3 - 1
4
What is 5 - ((7 - -10) + -8)?
-4
Evaluate 2 + -5 + -6 + 9.
0
(-4 - -4) + -4 + 3
-1
(5 - (10 - 2)) + 1
-2
Evaluate -3 - 0 - (-7 + 8 - 4).
0
What is 1 - (7 + (1 - 3))?
-4
What is the value of 0 + -1 + (2 - 4 - 2)?
-5
What is the value of 7 + -1 + -3 + (-4 - 1)?
-2
What is 2 - -8 - 4 - 4?
2
What is (4 - -3 - 5) + -8 + 13?
7
Evaluate (-4 - (-2 + (-1 - 1))) + -3.
-3
4 + (14 - 6) + -3 + -8
1
What is -9 + 5 + 7 - 9?
-6
What is the value of 19 - 18 - (9 + -4 + 5)?
-9
(3 - -5) + (-8 - (-1 + -3))
4
Calculate -2 + 1 - (6 + -11 + 4).
0
11 - (-15 - -28) - -2
0
(1 - -2) + (-1 - 2 - -2)
2
What is the value of 0 - (-3 + 4 - (5 + -2))?
2
What is the value of 1 - (-1 + -1) - (7 + 1)?
-5
What is 3 - (1 + -1 - (-11 + 5))?
-3
What is (-1 - -2) + (4 + 2 - 4)?
3
Calculate (0 - -1) + -1 + (-17 - -14).
-3
Calculate -4 + 12 + (6 - (12 + -6)).
8
What is -17 + 11 - (-2 + 0)?
-4
Calculate 1 + (-3 - (-1 + -2) - -3).
4
(-12 + 1 - 2) + 22
9
Calculate -1 - -3 - (3 + -3) - 6.
-4
(6 - 1) + 5 + -2 + -4
4
6 + 0 - 1 - (-5 - -5)
5
What is the value of 11 + -11 + (-7 - (-4 - -2))?
-5
Calculate (6 - (4 - -6)) + (9 - 0).
5
123 + -106 + (-2 - 6)
9
What is 16 + -12 + 3 + -1 - 2?
4
1 + -9 + 1 + 4
-3
-1 - (1 - 1 - (15 + -17))
-3
What is -2 - (-1 - (5 + -5))?
-1
What is the value of (-1 + 12 - 3) + -14?
-6
Evaluate 4 + 4 + -1 - -1 - 3.
5
Calculate -7 + 8 + 2 + -1 + 3.
5
Calculate 1 + -5 + 3 - -5.
4
(1 - 3) + 2 + 1 - 1
0
179 - 176 - (0 - -7)
-4
What is the value of 3 + (5 - (15 - 5))?
-2
What is the value of 10 - (3 - -1) - -4?
10
What is the value of -3 - (0 + -4 + -3) - 2?
2
What is the value of 156 + -156 - (-6 - -1)?
5
Calculate -10 + 3 - (-4 - 4).
1
Calculate 0 + (-2 - (4 - 3)) + 5.
2
136 - 145 - (-3 + (0 - 1))
-5
What is the value of (-6 - (0 - -3)) + 4?
-5
-7 + (4 - (-8 - -3))
2
What is 2 - (-3 - (3 + -16) - 2)?
-6
2 + (3 - (-6 - 0 - -16))
-5
0 + 4 - (10 + -7) - 3
-2
Calculate -20 + 12 - -15 - 13.
-6
What is the value of 6 - (5 + (-2 - 1))?
4
Calculate -8 + 2 + 0 + 3.
-3
What is the value of (7 - 12) + (-1 - -7)?
1
Calculate 6 - ((6 - 8) + 8).
0
What is the value of (1 - -1) + (-2 - -1)?
1
(0 - -1) + (-13 - -10 - -10)
8
Evaluate 10 + (-4 - -11 - 13).
4
Evaluate 5 - (-2 - -1 - (-3 + 0)).
3
What is the value of -4 + (3 - (3 + (-10 - -5)))?
1
Evaluate -17 + (2 - -3) + 6 - -4.
-2
Evaluate (0 - -1) + -1 + -1.
-1
Calculate (8 - 7) + 0 + -4.
-3
Evaluate 2 + 5 + -11 - -7.
3
Evaluate 2 - -1 - (-2 - -5).
0
9 - (-8 + 12 - (2 - 1))
6
What is the value of (-7